3*q. What are the prime factors of y?
43
Let n(d) = -2*d**2 - 15. Let t be n(-3). List the prime factors of (-78)/8*3212/t.
13, 73
Let r(k) = k**2 - 18*k + 124. Let y be r(10). Let g(h) = 3*h**2 - 126*h + 44. List the prime factors of g(y).
2, 7, 11
Let b(d) be the first derivative of 2*d**3/3 - 8*d**2 + 45*d + 3. What are the prime factors of b(10)?
5, 17
Let r(d) = -60*d - 379. Let k(v) = -40*v - 251. Let o(p) = -8*k(p) + 5*r(p). List the prime factors of o(7).
11, 23
Let s(h) = 4 + 189*h**2 + 281*h**2 - 5*h + 115*h**2 + 0*h. What are the prime factors of s(1)?
2, 73
Suppose -5*b - 4987 - 2513 = 0. List the prime factors of b/(-8)*(-7)/((-7)/2).
3, 5
Let a(k) = 2407*k**2 + 131*k + 405. What are the prime factors of a(-3)?
3, 5, 17
Suppose 4*p + f = 55, 26*p - 25*p - f = 15. Let w(a) = 88*a - 102. What are the prime factors of w(p)?
2, 5, 113
Let u be 1/(1 - 30/32). Let a(o) = 3*o**2 - 2*o - 12. Let k(m) = 5*m**2 - 3*m - 24. Let n(z) = 7*a(z) - 4*k(z). What are the prime factors of n(u)?
2, 59
Suppose 0 = -18*m + 299186 - 61478. What are the prime factors of m?
2, 3, 31, 71
Let q(m) be the third derivative of 19/24*m**4 - 1/60*m**5 + 0*m + 12*m**2 - 13/6*m**3 + 0. What are the prime factors of q(12)?
71
Suppose 12*j = 1636 + 9056. Let v = j - 401. What are the prime factors of v?
2, 5, 7
Let k(r) = r**3 + 4*r**2 + r. Let t be k(-3). Let g be 3*(t/9 + 2). Let h(p) = 2*p**2 - 10*p - 14. What are the prime factors of h(g)?
2, 17
Let i = -63 + 74. Let y = 116 - -32. Let n = i + y. What are the prime factors of n?
3, 53
Let t(b) be the third derivative of -2*b**4/3 - 2*b**3 - 14*b**2. Let q be t(-12). Suppose g - 21 = -l + 22, 4*l = 4*g + q. What are the prime factors of l?
2, 11
Suppose 0 = -0*c + 3*c - 18. Suppose -c*f = -0*f - 1374. Suppose -3*n - 34 = -f. What are the prime factors of n?
5, 13
Suppose -90*z - 94*z + 3084576 = 0. List the prime factors of z.
2, 3, 11, 127
What are the prime factors of -3*(82849/(-39) - 13)?
2, 7, 229
Suppose 0 = 5*l - r + 13, -3*r + 2*r + 7 = -3*l. Let d(p) = -172*p - 38. List the prime factors of d(l).
2, 239
Let y(i) = 1513*i - 1182. What are the prime factors of y(19)?
5, 37, 149
Let x(z) = z**2 - 6*z + 15. Let l be x(0). Suppose -l*q + 11*q + 1004 = 0. List the prime factors of q.
251
Let b(y) = 162*y - 675. List the prime factors of b(15).
3, 5, 13
Suppose 3*x = -4*t + 7267, 0 = -2*x + 3*t - 5*t + 4842. List the prime factors of x.
2417
Let i(z) = 181*z**2 + 5*z - 3. Let g be i(7). List the prime factors of g/253 - (-4)/(-22).
5, 7
Suppose 2*c = -4*g + 19196, 2*g + 3*c - 14394 = -g. Let d be (1027/(-585) - (-3)/15)*-9. List the prime factors of (-4)/d + g/42.
2, 3, 19
Suppose 5*p = 4*x - 51, -4*x + 4*p + 21 + 31 = 0. Let z(u) = u**3 - 13*u**2 - 16*u + 29. Let j be z(x). List the prime factors of (j - -4) + -3 + 99.
101
Suppose 0 = 177*c - 5021515 - 21392. List the prime factors of c.
3, 9497
Let o(u) = -u**2 + 11*u - 184. Let x be o(12). Let h = 686 + x. What are the prime factors of h?
2, 5, 7
Suppose 4*c = q + 34810, 4*c + 8*q - 11*q = 34806. What are the prime factors of c?
3, 967
Let u = -365 + 369. What are the prime factors of (1176/343)/(u/42)?
2, 3
Let q = -41291 + 62098. List the prime factors of q.
20807
Let p(m) = 17 - 8*m**2 + 6*m - 4*m**2 + 6*m**3 + m**3 + 4*m**2 - 15*m**2. List the prime factors of p(6).
11, 67
Suppose 21*d - 52203 - 5865 = 21354. What are the prime factors of d?
2, 31, 61
Let j be (-83109)/(-3) - -2 - (0 + -1). Suppose -40*t = -j + 5346. List the prime factors of t.
13, 43
Suppose 173*m - 2972949 = 692402. List the prime factors of m.
21187
Let j = 46 - 27. Let s = j + -19. Suppose 5*m + s*m = -5*u + 130, m - 89 = -4*u. List the prime factors of u.
3, 7
What are the prime factors of ((-8 + 8)/9 - -5) + 7748?
7753
Suppose 2*f - 89 = -3*s + f, -120 = -4*s - 2*f. Suppose -772 + 2077 = s*c. What are the prime factors of c?
3, 5
Suppose 247 = -5*j - 13. Let y = j + 136. List the prime factors of y.
2, 3, 7
Let q(c) = 194*c**2 + 2*c + 1. Let b = 47 + -55. Let z be 18/(-27)*(-2)/b*-6. What are the prime factors of q(z)?
197
What are the prime factors of (-25 + (-1064)/(-42))/(3/137763 + 0)?
15307
List the prime factors of (0 + 14/(-6))/((-10)/870 - 0).
7, 29
Let j(u) = -u**3 + u**2 - u - 1. Let t be j(-1). Let d(b) = 18*b**2 - b + 4. Let w be d(t). Suppose f = -f + w. List the prime factors of f.
37
Suppose 2*f + 25 = -3*f. Let n be (445*-2)/f - 3. Suppose -2*b - 3*z + n = 0, 0 = 2*b - 4*z - 29 - 125. List the prime factors of b.
83
Suppose -11*z + 14*z = 387. Suppose -5*n - 254 = -3*y, 5*y - 13 = 2. Let f = n + z. List the prime factors of f.
2, 5
Suppose 0 = 2*t - 3*p + 5*p - 76, 3*t - p - 98 = 0. Suppose -n = 2*w - t, -32 = -n - n + 5*w. Suppose -n*j + 1764 = -8*j. What are the prime factors of j?
2, 7
List the prime factors of ((-108)/3)/((-43)/4902).
2, 3, 19
Suppose -276 = o + s, 0 = 2*s - 4*s + 8. Let a = o - -395. What are the prime factors of a?
5, 23
Let w = -10941 + 19022. What are the prime factors of w?
8081
Let w(d) = d**3 + 63*d**2 + 434*d - 73. List the prime factors of w(-47).
107, 139
Let y = -164 - -382. Let x be y + 1 + 1 - -1. Suppose -2*c = -x + 41. What are the prime factors of c?
2, 3, 5
Let g be ((2 - -1)*-1)/(-1). Suppose -2*u + 11 = g. Suppose -5*h + u*w = -8, -2*h + 2 = -3*w + w. What are the prime factors of h?
2
Let y(g) = -3300*g - 166. What are the prime factors of y(-3)?
2, 31, 157
Let y(m) = 104*m**2 + 30*m + 667. What are the prime factors of y(-22)?
3, 97, 173
Let u = 58 + -42. Suppose -z + u = -4*r - 1, 0 = r - 4*z + 8. What are the prime factors of r/40*26*-95?
13, 19
Let h(s) = -s**3 + 12*s**2 - 20*s + 4. Let d be h(10). Suppose 0*r - 4 = 3*r - d*a, -4*r - 2*a = -2. Suppose 4*j + 3 - 163 = r. List the prime factors of j.
2, 5
Let w = 545 + -371. Suppose -a + 38 = -w. List the prime factors of a.
2, 53
List the prime factors of (-12 - (-760)/57)*1896.
2, 79
Let q = -148 - -59. Let v = 9 - q. What are the prime factors of v?
2, 7
Let p(b) = -b**2 + 11*b - 24. Let v(x) = 71 + 8*x**2 - x**2 - x**2 - 33*x - 3*x**2. Let g(s) = -8*p(s) - 3*v(s). List the prime factors of g(8).
3
Suppose -31*c - 3*k = -36*c - 17, -2*k = -c - 9. Let a(p) be the second derivative of 17*p**4/12 - p**3/6 - p**2/2 + p. List the prime factors of a(c).
17
Let g(p) be the second derivative of -3*p**3/2 + 40*p**2 + 23*p. Let t be g(8). What are the prime factors of (-1292)/(-8) + (-4)/t?
7, 23
Suppose 6 = 2*h, -4*n = 11*h - 9*h + 2678. Let v = n - -1003. List the prime factors of v.
2, 83
Let r be 552 + 3 + 0 + -3. Suppose 2*g - 22 + r = 0. What are the prime factors of -2*3/(30/g)?
53
Suppose 0 = 4*a + 6*h - 8*h - 82958, -a + 20764 = 3*h. What are the prime factors of a?
20743
Let r = 2107 - -9492. List the prime factors of r.
7, 1657
Suppose 8*o - 174 = 5*o. Suppose 102 = o*f - 57*f. What are the prime factors of f?
2, 3, 17
What are the prime factors of (-10934548)/(-237)*3/4?
34603
Let n be (-2)/4*((-3 - 2) + 9). Let j(o) = -78*o**3 + 3*o**2 + 9*o + 1. What are the prime factors of j(n)?
619
Suppose 8*b - 18 = 17*b. Let t be ((-30)/25)/((-1)/(-15)*b). List the prime factors of t/18*298*1.
149
Let r be 12/27 + (-3102)/54. Let z = r + 62. Suppose 0*f - z*f + p + 524 = 0, -2*f + 2*p = -216. List the prime factors of f.
2, 13
Let o(y) = -37*y - 526. Let x be o(-15). Suppose 0 = 4*m + x*m - 25014. What are the prime factors of m?
2, 379
Let k = 4 - 1. Suppose 2*l = 3*l + k. What are the prime factors of 165/(-22)*40/l?
2, 5
Suppose 12454 + 167551 = 7*c + 28*c. List the prime factors of c.
37, 139
Let z = -899 + 899. Suppose z = 16*w - 17*w + 760. What are the prime factors of w?
2, 5, 19
Suppose 3*l = -3*i + 6444, 2321 = l - 5*i + 161. What are the prime factors of l?
2, 5, 43
Suppose -4*t + 11 = -3*u + 6*u, -11 = -2*u + t. Let p(h) = h - 2. Let y be p(u). Suppose -5*m + y*b + 621 = 0, 0 = -2*b + 6*b + 8. List the prime factors of m.
3, 41
Let u(v) = -v**2 + 18*v + 28. Let m be 22 + -26 - (-42)/2. What are the prime factors of u(m)?
3, 5
What are the prime factors of 12199/(-2)*(-4)/2?
11, 1109
Suppose -189 = 3*f - 1989. Suppose -4*n - 240 = -2*b, 5*b = 2*n - 3*n + f. List the prime factors of b.
2, 3, 5
Let r = 34 - 34. Suppose 2*i + 330 + 160 = r. Let w = -86 - i. What a